{"id":3692,"date":"2021-11-19T10:42:25","date_gmt":"2021-11-19T09:42:25","guid":{"rendered":"https:\/\/www.malartic-lagraviere.com\/our-wines\/le-comte-de-malartic\/le-comte-de-malartic-la-reserve-blanc\/la-reserve-de-malartic-2009-blanc\/"},"modified":"2023-02-07T14:47:08","modified_gmt":"2023-02-07T13:47:08","slug":"la-reserve-de-malartic-2009-white","status":"publish","type":"page","link":"https:\/\/www.malartic-lagraviere.com\/en\/our-wines\/le-comte-de-malartic\/le-comte-de-malartic-la-reserve-blanc\/la-reserve-de-malartic-2009-white\/","title":{"rendered":"La R\u00e9serve de Malartic 2009 white"},"content":{"rendered":"","protected":false},"excerpt":{"rendered":"","protected":false},"author":1,"featured_media":0,"parent":3664,"menu_order":4,"comment_status":"closed","ping_status":"closed","template":"templates\/millesime.php","meta":{"_acf_changed":false,"inline_featured_image":false,"footnotes":""},"class_list":["post-3692","page","type-page","status-publish","hentry"],"acf":[],"yoast_head":"<!-- This site is optimized with the Yoast SEO plugin v25.6 - https:\/\/yoast.com\/wordpress\/plugins\/seo\/ -->\n<title>La R\u00e9serve 2009 white - Ch\u00e2teau Malartic Lagravi\u00e8re<\/title>\n<meta name=\"description\" content=\"Discover our white wine La R\u00e9serve from 2009. Learn more about its blend, harvest dates, press notes and further !\" \/>\n<meta name=\"robots\" content=\"index, follow, max-snippet:-1, max-image-preview:large, max-video-preview:-1\" \/>\n<link rel=\"canonical\" href=\"https:\/\/www.malartic-lagraviere.com\/en\/our-wines\/le-comte-de-malartic\/le-comte-de-malartic-la-reserve-blanc\/la-reserve-de-malartic-2009-white\/\" \/>\n<meta property=\"og:locale\" content=\"en_US\" \/>\n<meta property=\"og:type\" content=\"article\" \/>\n<meta property=\"og:title\" content=\"La R\u00e9serve 2009 white - Ch\u00e2teau Malartic Lagravi\u00e8re\" \/>\n<meta property=\"og:description\" content=\"Discover our white wine La R\u00e9serve from 2009. Learn more about its blend, harvest dates, press notes and further !\" \/>\n<meta property=\"og:url\" content=\"https:\/\/www.malartic-lagraviere.com\/en\/our-wines\/le-comte-de-malartic\/le-comte-de-malartic-la-reserve-blanc\/la-reserve-de-malartic-2009-white\/\" \/>\n<meta property=\"og:site_name\" content=\"Malartic Lagravi\u00e8re\" \/>\n<meta property=\"article:publisher\" content=\"https:\/\/www.facebook.com\/Malartic.Lagraviere\/\" \/>\n<meta property=\"article:modified_time\" content=\"2023-02-07T13:47:08+00:00\" \/>\n<meta name=\"twitter:card\" content=\"summary_large_image\" \/>\n<script type=\"application\/ld+json\" class=\"yoast-schema-graph\">{\"@context\":\"https:\/\/schema.org\",\"@graph\":[{\"@type\":\"WebPage\",\"@id\":\"https:\/\/www.malartic-lagraviere.com\/en\/our-wines\/le-comte-de-malartic\/le-comte-de-malartic-la-reserve-blanc\/la-reserve-de-malartic-2009-white\/\",\"url\":\"https:\/\/www.malartic-lagraviere.com\/en\/our-wines\/le-comte-de-malartic\/le-comte-de-malartic-la-reserve-blanc\/la-reserve-de-malartic-2009-white\/\",\"name\":\"La R\u00e9serve 2009 white - Ch\u00e2teau Malartic Lagravi\u00e8re\",\"isPartOf\":{\"@id\":\"https:\/\/www.malartic-lagraviere.com\/en\/#website\"},\"datePublished\":\"2021-11-19T09:42:25+00:00\",\"dateModified\":\"2023-02-07T13:47:08+00:00\",\"description\":\"Discover our white wine La R\u00e9serve from 2009. Learn more about its blend, harvest dates, press notes and further !\",\"breadcrumb\":{\"@id\":\"https:\/\/www.malartic-lagraviere.com\/en\/our-wines\/le-comte-de-malartic\/le-comte-de-malartic-la-reserve-blanc\/la-reserve-de-malartic-2009-white\/#breadcrumb\"},\"inLanguage\":\"en-US\",\"potentialAction\":[{\"@type\":\"ReadAction\",\"target\":[\"https:\/\/www.malartic-lagraviere.com\/en\/our-wines\/le-comte-de-malartic\/le-comte-de-malartic-la-reserve-blanc\/la-reserve-de-malartic-2009-white\/\"]}]},{\"@type\":\"BreadcrumbList\",\"@id\":\"https:\/\/www.malartic-lagraviere.com\/en\/our-wines\/le-comte-de-malartic\/le-comte-de-malartic-la-reserve-blanc\/la-reserve-de-malartic-2009-white\/#breadcrumb\",\"itemListElement\":[{\"@type\":\"ListItem\",\"position\":1,\"name\":\"Accueil\",\"item\":\"https:\/\/www.malartic-lagraviere.com\/en\/\"},{\"@type\":\"ListItem\",\"position\":2,\"name\":\"Our wines\",\"item\":\"https:\/\/www.malartic-lagraviere.com\/en\/our-wines\/\"},{\"@type\":\"ListItem\",\"position\":3,\"name\":\"Le comte de Malartic\",\"item\":\"https:\/\/www.malartic-lagraviere.com\/en\/our-wines\/le-comte-de-malartic\/\"},{\"@type\":\"ListItem\",\"position\":4,\"name\":\"Le comte de Malartic \/ La r\u00e9serve blanc\",\"item\":\"https:\/\/www.malartic-lagraviere.com\/en\/our-wines\/le-comte-de-malartic\/le-comte-de-malartic-la-reserve-blanc\/\"},{\"@type\":\"ListItem\",\"position\":5,\"name\":\"La R\u00e9serve de Malartic 2009 white\"}]},{\"@type\":\"WebSite\",\"@id\":\"https:\/\/www.malartic-lagraviere.com\/en\/#website\",\"url\":\"https:\/\/www.malartic-lagraviere.com\/en\/\",\"name\":\"Malartic Lagravi\u00e8re\",\"description\":\"Un site utilisant WordPress\",\"potentialAction\":[{\"@type\":\"SearchAction\",\"target\":{\"@type\":\"EntryPoint\",\"urlTemplate\":\"https:\/\/www.malartic-lagraviere.com\/en\/?s={search_term_string}\"},\"query-input\":{\"@type\":\"PropertyValueSpecification\",\"valueRequired\":true,\"valueName\":\"search_term_string\"}}],\"inLanguage\":\"en-US\"}]}<\/script>\n<!-- \/ Yoast SEO plugin. -->","yoast_head_json":{"title":"La R\u00e9serve 2009 white - Ch\u00e2teau Malartic Lagravi\u00e8re","description":"Discover our white wine La R\u00e9serve from 2009. Learn more about its blend, harvest dates, press notes and further !","robots":{"index":"index","follow":"follow","max-snippet":"max-snippet:-1","max-image-preview":"max-image-preview:large","max-video-preview":"max-video-preview:-1"},"canonical":"https:\/\/www.malartic-lagraviere.com\/en\/our-wines\/le-comte-de-malartic\/le-comte-de-malartic-la-reserve-blanc\/la-reserve-de-malartic-2009-white\/","og_locale":"en_US","og_type":"article","og_title":"La R\u00e9serve 2009 white - Ch\u00e2teau Malartic Lagravi\u00e8re","og_description":"Discover our white wine La R\u00e9serve from 2009. Learn more about its blend, harvest dates, press notes and further !","og_url":"https:\/\/www.malartic-lagraviere.com\/en\/our-wines\/le-comte-de-malartic\/le-comte-de-malartic-la-reserve-blanc\/la-reserve-de-malartic-2009-white\/","og_site_name":"Malartic Lagravi\u00e8re","article_publisher":"https:\/\/www.facebook.com\/Malartic.Lagraviere\/","article_modified_time":"2023-02-07T13:47:08+00:00","twitter_card":"summary_large_image","schema":{"@context":"https:\/\/schema.org","@graph":[{"@type":"WebPage","@id":"https:\/\/www.malartic-lagraviere.com\/en\/our-wines\/le-comte-de-malartic\/le-comte-de-malartic-la-reserve-blanc\/la-reserve-de-malartic-2009-white\/","url":"https:\/\/www.malartic-lagraviere.com\/en\/our-wines\/le-comte-de-malartic\/le-comte-de-malartic-la-reserve-blanc\/la-reserve-de-malartic-2009-white\/","name":"La R\u00e9serve 2009 white - Ch\u00e2teau Malartic Lagravi\u00e8re","isPartOf":{"@id":"https:\/\/www.malartic-lagraviere.com\/en\/#website"},"datePublished":"2021-11-19T09:42:25+00:00","dateModified":"2023-02-07T13:47:08+00:00","description":"Discover our white wine La R\u00e9serve from 2009. Learn more about its blend, harvest dates, press notes and further !","breadcrumb":{"@id":"https:\/\/www.malartic-lagraviere.com\/en\/our-wines\/le-comte-de-malartic\/le-comte-de-malartic-la-reserve-blanc\/la-reserve-de-malartic-2009-white\/#breadcrumb"},"inLanguage":"en-US","potentialAction":[{"@type":"ReadAction","target":["https:\/\/www.malartic-lagraviere.com\/en\/our-wines\/le-comte-de-malartic\/le-comte-de-malartic-la-reserve-blanc\/la-reserve-de-malartic-2009-white\/"]}]},{"@type":"BreadcrumbList","@id":"https:\/\/www.malartic-lagraviere.com\/en\/our-wines\/le-comte-de-malartic\/le-comte-de-malartic-la-reserve-blanc\/la-reserve-de-malartic-2009-white\/#breadcrumb","itemListElement":[{"@type":"ListItem","position":1,"name":"Accueil","item":"https:\/\/www.malartic-lagraviere.com\/en\/"},{"@type":"ListItem","position":2,"name":"Our wines","item":"https:\/\/www.malartic-lagraviere.com\/en\/our-wines\/"},{"@type":"ListItem","position":3,"name":"Le comte de Malartic","item":"https:\/\/www.malartic-lagraviere.com\/en\/our-wines\/le-comte-de-malartic\/"},{"@type":"ListItem","position":4,"name":"Le comte de Malartic \/ La r\u00e9serve blanc","item":"https:\/\/www.malartic-lagraviere.com\/en\/our-wines\/le-comte-de-malartic\/le-comte-de-malartic-la-reserve-blanc\/"},{"@type":"ListItem","position":5,"name":"La R\u00e9serve de Malartic 2009 white"}]},{"@type":"WebSite","@id":"https:\/\/www.malartic-lagraviere.com\/en\/#website","url":"https:\/\/www.malartic-lagraviere.com\/en\/","name":"Malartic Lagravi\u00e8re","description":"Un site utilisant WordPress","potentialAction":[{"@type":"SearchAction","target":{"@type":"EntryPoint","urlTemplate":"https:\/\/www.malartic-lagraviere.com\/en\/?s={search_term_string}"},"query-input":{"@type":"PropertyValueSpecification","valueRequired":true,"valueName":"search_term_string"}}],"inLanguage":"en-US"}]}},"_links":{"self":[{"href":"https:\/\/www.malartic-lagraviere.com\/en\/wp-json\/wp\/v2\/pages\/3692"}],"collection":[{"href":"https:\/\/www.malartic-lagraviere.com\/en\/wp-json\/wp\/v2\/pages"}],"about":[{"href":"https:\/\/www.malartic-lagraviere.com\/en\/wp-json\/wp\/v2\/types\/page"}],"author":[{"embeddable":true,"href":"https:\/\/www.malartic-lagraviere.com\/en\/wp-json\/wp\/v2\/users\/1"}],"replies":[{"embeddable":true,"href":"https:\/\/www.malartic-lagraviere.com\/en\/wp-json\/wp\/v2\/comments?post=3692"}],"version-history":[{"count":3,"href":"https:\/\/www.malartic-lagraviere.com\/en\/wp-json\/wp\/v2\/pages\/3692\/revisions"}],"predecessor-version":[{"id":7883,"href":"https:\/\/www.malartic-lagraviere.com\/en\/wp-json\/wp\/v2\/pages\/3692\/revisions\/7883"}],"up":[{"embeddable":true,"href":"https:\/\/www.malartic-lagraviere.com\/en\/wp-json\/wp\/v2\/pages\/3664"}],"wp:attachment":[{"href":"https:\/\/www.malartic-lagraviere.com\/en\/wp-json\/wp\/v2\/media?parent=3692"}],"curies":[{"name":"wp","href":"https:\/\/api.w.org\/{rel}","templated":true}]}}

La Réserve de Malartic 2009 white

<!-- This site is optimized with the Yoast SEO plugin v25.6 - https://yoast.com/wordpress/plugins/seo/ -->
<title>La Réserve 2009 white - Château Malartic Lagravière</title>
<meta name="description" content="Discover our white wine La Réserve from 2009. Learn more about its blend, harvest dates, press notes and further !" />
<meta name="robots" content="index, follow, max-snippet:-1, max-image-preview:large, max-video-preview:-1" />
<link rel="canonical" href="https://www.malartic-lagraviere.com/en/our-wines/le-comte-de-malartic/le-comte-de-malartic-la-reserve-blanc/la-reserve-de-malartic-2009-white/" />
<meta property="og:locale" content="en_US" />
<meta property="og:type" content="article" />
<meta property="og:title" content="La Réserve 2009 white - Château Malartic Lagravière" />
<meta property="og:description" content="Discover our white wine La Réserve from 2009. Learn more about its blend, harvest dates, press notes and further !" />
<meta property="og:url" content="https://www.malartic-lagraviere.com/en/our-wines/le-comte-de-malartic/le-comte-de-malartic-la-reserve-blanc/la-reserve-de-malartic-2009-white/" />
<meta property="og:site_name" content="Malartic Lagravière" />
<meta property="article:publisher" content="https://www.facebook.com/Malartic.Lagraviere/" />
<meta property="article:modified_time" content="2023-02-07T13:47:08+00:00" />
<meta name="twitter:card" content="summary_large_image" />
<script type="application/ld+json" class="yoast-schema-graph">{"@context":"https://schema.org","@graph":[{"@type":"WebPage","@id":"https://www.malartic-lagraviere.com/en/our-wines/le-comte-de-malartic/le-comte-de-malartic-la-reserve-blanc/la-reserve-de-malartic-2009-white/","url":"https://www.malartic-lagraviere.com/en/our-wines/le-comte-de-malartic/le-comte-de-malartic-la-reserve-blanc/la-reserve-de-malartic-2009-white/","name":"La Réserve 2009 white - Château Malartic Lagravière","isPartOf":{"@id":"https://www.malartic-lagraviere.com/en/#website"},"datePublished":"2021-11-19T09:42:25+00:00","dateModified":"2023-02-07T13:47:08+00:00","description":"Discover our white wine La Réserve from 2009. Learn more about its blend, harvest dates, press notes and further !","breadcrumb":{"@id":"https://www.malartic-lagraviere.com/en/our-wines/le-comte-de-malartic/le-comte-de-malartic-la-reserve-blanc/la-reserve-de-malartic-2009-white/#breadcrumb"},"inLanguage":"en-US","potentialAction":[{"@type":"ReadAction","target":["https://www.malartic-lagraviere.com/en/our-wines/le-comte-de-malartic/le-comte-de-malartic-la-reserve-blanc/la-reserve-de-malartic-2009-white/"]}]},{"@type":"BreadcrumbList","@id":"https://www.malartic-lagraviere.com/en/our-wines/le-comte-de-malartic/le-comte-de-malartic-la-reserve-blanc/la-reserve-de-malartic-2009-white/#breadcrumb","itemListElement":[{"@type":"ListItem","position":1,"name":"Accueil","item":"https://www.malartic-lagraviere.com/en/"},{"@type":"ListItem","position":2,"name":"Our wines","item":"https://www.malartic-lagraviere.com/en/our-wines/"},{"@type":"ListItem","position":3,"name":"Le comte de Malartic","item":"https://www.malartic-lagraviere.com/en/our-wines/le-comte-de-malartic/"},{"@type":"ListItem","position":4,"name":"Le comte de Malartic / La réserve blanc","item":"https://www.malartic-lagraviere.com/en/our-wines/le-comte-de-malartic/le-comte-de-malartic-la-reserve-blanc/"},{"@type":"ListItem","position":5,"name":"La Réserve de Malartic 2009 white"}]},{"@type":"WebSite","@id":"https://www.malartic-lagraviere.com/en/#website","url":"https://www.malartic-lagraviere.com/en/","name":"Malartic Lagravière","description":"Un site utilisant WordPress","potentialAction":[{"@type":"SearchAction","target":{"@type":"EntryPoint","urlTemplate":"https://www.malartic-lagraviere.com/en/?s={search_term_string}"},"query-input":{"@type":"PropertyValueSpecification","valueRequired":true,"valueName":"search_term_string"}}],"inLanguage":"en-US"}]}</script>
<!-- / Yoast SEO plugin. -->

La Réserve 2009 white - Château Malartic Lagravière

Discover our white wine La Réserve from 2009. Learn more about its blend, harvest dates, press notes and further !

Malartic Lagravière

Le comte de Malartic / La réserve blanc
